Let o be 4/6 + (-320)/(-6). Let k = -5155 - -5161. Calculate the highest common factor of o and k.
6
Let w be (-2 - 0) + 5 - 5/5. What is the greatest common factor of w and 50?
2
Suppose -3*q + 30 = -0. Suppose 165 = -q*s + 5*s. Let a be ((-18)/(-27))/((-2)/s). Calculate the greatest common divisor of a and 55.
11
Let g(w) = -2*w + 80. Let o be g(-2). Calculate the highest common divisor of 12 and o.
12
Let d be (-12)/((-48)/10) - 11356/(-8). What is the highest common factor of d and 18?
18
Suppose w = -5*r + 112, -16*r = -21*r + 4*w + 127. Calculate the highest common divisor of r and 299.
23
Suppose 3*r = -2*o + 81, -7*o + 3*o + 4*r + 112 = 0. Let n = o - 15. Calculate the highest common divisor of 45 and n.
9
Let i = 257 + -177. Calculate the highest common factor of 64 and i.
16
Let u(g) = g**2 + g - 7. Let l be u(3). Suppose -3*z = -2*p - 71, -130 = -l*z - p + 2*p. What is the highest common divisor of z and 3?
3
Let a = -35 + 55. Let h = 249 - 89. What is the highest common factor of a and h?
20
Let q be 75/18 - (1 + 3)/24. Let w = 221 + -131. Suppose -4*v - 12 = -n, 8*v = 5*n + 3*v - w. Calculate the highest common divisor of n and q.
4
Let g be (3/7)/((-22)/(-385))*22. What is the highest common factor of g and 15?
15
Let i be 58/87 - 118/(-3). What is the highest common factor of 15 and i?
5
Let q = 1266 + -1230. Calculate the greatest common divisor of 54 and q.
18
Let i = 4 - 2. Suppose -x - 11 = -3*x - k, i*x + 2*k - 16 = 0. What is the greatest common divisor of x and 1?
1
Let n = 11 - 5. Suppose n*i = 4*i + 4, 0 = 3*t + 2*i - 7. Let q be 21*t*16/24. Calculate the greatest common divisor of 126 and q.
14
Suppose 5*r = -4*p - 0*p + 512, -5*p = -4*r + 385. Suppose -11*c + 281 = -159. What is the greatest common factor of c and r?
20
Let s(p) = 10*p - 10. Let r be s(9). Let x = -24 - -25. Suppose 3*g - 29 - x = 0. Calculate the greatest common factor of g and r.
10
Suppose 4*g - 512 = -2*m, m = 6*g - 3*g - 384. Calculate the highest common divisor of 24 and g.
8
Let u = 10 - -13. Suppose 104 = 3*x - 34. What is the highest common factor of u and x?
23
Let y be 6/(-12)*(2 + 1)*-6. What is the highest common factor of y and 3?
3
Let a be (1/3)/(5/(-15)). Let f be 45 - (-2 - 2/a). What is the highest common factor of f and 5?
5
Let i be 338/156*(4 - -2). Let r be 6*-13*(-1)/2. Calculate the highest common factor of r and i.
13
Suppose -33*r = -21*r - 756. What is the highest common factor of r and 126?
63
Let o = 40 - -27. Let z = o + -56. Calculate the greatest common factor of 44 and z.
11
Let c(x) = x**3 + 2*x**2 - 3*x + 1. Let b be c(-3). Let u be b - (-2)/2 - 0. Suppose u*r - 13 = 9. What is the highest common divisor of 99 and r?
11
Let x(p) = 21*p + 520. Let v be x(-24). What is the greatest common factor of v and 512?
16
Let m be 2584/51*(-18)/(-3). Calculate the highest common divisor of m and 114.
38
Let z(u) = u**2 - 82*u + 41. Let h be z(-21). Calculate the highest common divisor of h and 116.
116
Suppose 0 = -3*o + 287 + 142. Calculate the greatest common divisor of o and 22.
11
Let x = 520 - 474. Suppose 0 = b - 76 - 47. Suppose b = w + x. Calculate the greatest common factor of w and 11.
11
Let x be 27/((-243)/(-2070)) - 6. Calculate the highest common divisor of x and 304.
16
Let i(z) = -14*z**3 + 6*z**2 + 4*z - 8. Let f be i(-2). What is the highest common divisor of f and 190?
10
Let t = 7 + -7. Suppose t = l - k + 16 - 69, k = -2*l + 115. Suppose j + 28 = 3*y, -5*y = -0*j + 3*j - l. Calculate the greatest common factor of y and 90.
10
Let x(i) = -22*i - 8. Let t be x(-9). Suppose -m + 44 = -t. Let f = -64 + 90. What is the highest common factor of m and f?
26
Suppose -10*h - 5*h = -360. Calculate the highest common divisor of 60 and h.
12
Let l(d) = 56*d + 4. Let z be l(-2). Let c = -1 - -1. Let j be z*(5/(-3) + c). Calculate the highest common factor of j and 20.
20
Let i be (-1 + -6 + -3)*-8. Let s be 300/(-80)*(-8)/3. Calculate the highest common divisor of i and s.
10
Suppose -10*l = 38 - 738. Calculate the highest common factor of l and 35.
35
Let u = -2 - -3. Let b = -3 + u. Let t be (b/(-6))/(4/252). Calculate the greatest common factor of 7 and t.
7
Suppose 10*g = 13*g - 21. Let u(a) = -6*a - 8. Let r be u(-6). What is the highest common factor of g and r?
7
Suppose -3*h - 2*l - 1 = -8*h, -2*h - 2*l = 8. Let d be -4*(2 + h)*-1. Let b be (-7 - -3) + (-1 - -6). Calculate the greatest common divisor of b and d.
1
Let y be (-246)/(-10) - (-6 - (-224)/40). Calculate the greatest common divisor of y and 100.
25
Suppose -7*z - 152 = -3*z. Let s be 16/40 + z/(-5). Suppose h = 11 + 21. Calculate the greatest common divisor of h and s.
8
Let k be 52 + -3 + (-9)/3. Let a = 101 - k. Calculate the greatest common divisor of 11 and a.
11
Let d = -933 - -1074. Calculate the greatest common factor of d and 282.
141
Let l = -412 - -445. What is the highest common factor of l and 22?
11
Suppose 4 = 2*n - 10. Suppose 0 = -11*k - 2*k + 195. Let l = k + 48. Calculate the highest common factor of n and l.
7
Suppose -29*c + 324 = -20*c. What is the highest common divisor of 288 and c?
36
Suppose -v = -3*g + 15, -3*g = -2*v + 6*v - 15. Suppose -2*h = -g*m + 5, -2*h - 13 = 4*m - 7*h. What is the greatest common factor of 21 and m?
3
Suppose -6*k + 47 = c - 5*k, c = -2*k + 45. Suppose -2*l - 5*b = -c, l + 31 = 4*l - b. What is the greatest common divisor of 18 and l?
6
Let h(u) = u**3 - 5*u**2 - 2. Let o be h(5). Let d be (-1 - o)*48/6. Let q = 77 - 75. Calculate the highest common divisor of q and d.
2
Let r(i) = -i**3 + 46*i**2 - 48*i + 150. Let a be r(45). What is the highest common factor of 35 and a?
5
Suppose -1 - 9 = -w. Let l = -14 - -19. Suppose 132 = l*n - 418. What is the highest common factor of w and n?
10
Suppose 5*d - 2*j = 30, 7*j - 5*j = 0. What is the highest common factor of d and 318?
6
Suppose 4*q = 3*c + 54, -c = 4*q - 2*c - 50. Calculate the greatest common divisor of 372 and q.
12
Let p = -423 + 431. What is the greatest common divisor of p and 120?
8
Suppose -4*o = -4*z - 28, 3*o - 17 = z + z. Let y be 1 + -4 - -2*o. Suppose 0 = y*b - 40 - 8. Calculate the greatest common factor of 8 and b.
8
Suppose 57*z - 14*z = 2150. Calculate the highest common divisor of z and 80.
10
Let k = 45 + 4. Let o = 185 - 131. Let y = 61 - o. What is the greatest common divisor of y and k?
7
Suppose 0*i - 5 = -i. Suppose 17 = i*x - 3. Suppose 2*f = x + 44. What is the highest common factor of f and 12?
12
Suppose 0 = 13*f - 8*f + 30. Let y be f*(25/(-6) + 4). Suppose -2*j - 2 = -4. What is the highest common factor of j and y?
1
Let u = -91 - -120. What is the highest common divisor of u and 377?
29
Let u(n) = 147*n**2 + 4*n - 1. Let f be u(1). Suppose -298 = -5*y + 2*c, 2*y - 76 - 40 = 4*c. What is the greatest common factor of y and f?
30
Let o(a) = a**3 + 4*a**2 + 5*a + 14. Let z be o(-3). Calculate the greatest common factor of z and 8.
8
Let v be (54/8)/(9/24). Let j = 194 - 167. What is the greatest common divisor of j and v?
9
Let y be 86 + 6*(-40)/(-48). Calculate the highest common divisor of 1456 and y.
91
Let k = -193 + 197. What is the greatest common divisor of 12 and k?
4
Suppose -4*k + 45 = -5*k. Suppose x + 20 = 3*x. Let t be (-24)/x*k/18. Calculate the highest common divisor of t and 3.
3
Let s be 0 - (-295 - (1 + 1)). Let w be 3*(0 - (-2)/(-3)). Let o be w/(-1 - -7)*-81. What is the greatest common factor of o and s?
27
Let k(h) = h + 7. Let u be k(-5). Let b be (-56)/(2 + (-5)/u). Let i = -7439 - -7455. What is the highest common factor of i and b?
16
Let d = 97 + -240. Let s be d/(-4) + (-1)/(-4). Suppose 19*y - 12 = 18*y + 3*p, 2*p - 128 = -5*y. Calculate the greatest common divisor of s and y.
12
Suppose 88 = -4*y + 280. Suppose 32 + 4 = 3*h. What is the highest common factor of h and y?
12
Let p(b) = b**2 - 2*b - 3. Let r be p(5). Suppose 168 = 3*f - f. Calculate the highest common divisor of r and f.
12
Suppose 18 = 4*n - 10. Let z = -4 + n. Let y = 195 + -193. Calculate the greatest common factor of z and y.
1
Suppose 0 = 3*z - 6, 2*c + 0*z + 4*z = 16. Suppose 3*q + 5*i - 46 = 0, -13 = -c*i + 7. What is the greatest common divisor of 56 and q?
7
Let h(f) = f**3 - 3*f**2 - 3. Let q be h(3). Let t be 5